2 + n - 1. Let y(p) = -3*p - 8. What is the remainder when a(c) is divided by y(-5)?
5
Suppose 225 = 3*u - 6. Suppose -2*m + d = -33, 5*m - u = 3*d - 6*d. Calculate the remainder when 47 is divided by m.
15
Let v(n) = n + 8. What is the remainder when 68 is divided by v(6)?
12
Let a(u) = 2*u + 4 + 3*u**2 + 2*u + 2 - 2*u**2. Calculate the remainder when 42 is divided by a(-5).
9
Let b = -26 + -43. Let t = b - -179. Suppose -3*z + 19 + t = 0. What is the remainder when z is divided by 11?
10
Let w be (1 + 1)/(10/245). Let l = w + -14. What is the remainder when l is divided by 9/((-3)/(-6)*1)?
17
Suppose -a - a = -2*l - 12, a - 6 = -4*l. Let q(s) = 4*s + 2. Let o = 71 + -62. Calculate the remainder when q(a) is divided by o.
8
Let y(z) = z**2 + z + 7. Calculate the remainder when y(4) is divided by 14.
13
Let a = 13 + 3. Let u = -40 + 70. What is the remainder when u is divided by a?
14
Let u(s) = s**2 - 5*s + 6. Let l be u(4). Let r(j) = j + 12*j**3 - 1 + 2*j**2 - l*j**2. Calculate the remainder when 22 is divided by r(1).
10
Suppose -3*q + 9 = -57. Let m = 224 - 137. What is the remainder when m is divided by q?
21
Let r(g) = g**2 + 5*g - 1. Let a = 17 + -24. What is the remainder when 37 is divided by r(a)?
11
Suppose -13*c - 73 = -372. What is the remainder when 45 is divided by c?
22
Suppose c + 5*n + 8 = 0, 4*c = -4*n - 7 + 39. Calculate the remainder when c is divided by 4.
0
Suppose 296 + 169 = 5*g. Calculate the remainder when g is divided by 19.
17
Let j = -119 + 24. Let o = -57 - j. Let t = 34 - 21. Calculate the remainder when o is divided by t.
12
Let d be 4/(-16) + 19/(-4). Let s = 9 - d. What is the remainder when s is divided by 4?
2
Let v(r) = -r**3 - 12*r**2 + 13*r + 3. Calculate the remainder when 15 is divided by v(-13).
0
Let z(g) = g + 3. Suppose 0*a = 2*a - 2*x, 2*x = -4*a. Let y be z(a). Suppose -o = -11 + y. Calculate the remainder when 14 is divided by o.
6
Let q(w) = w + 5. Suppose 88 - 10 = 3*o. What is the remainder when o is divided by q(4)?
8
Suppose 52 = -3*x + 7*x. Let z(w) = w**2 - 8*w - 2. Let c be z(8). Calculate the remainder when 33 is divided by x/1 + c + 1.
9
Let j = 12 + -3. Let r = -7 - -8. Let g = 15 + r. What is the remainder when g is divided by j?
7
Let u be 2*(-1)/(-4)*10. Suppose 0 = -5*c, c - 30 + u = -i. Calculate the remainder when i is divided by 9.
7
Suppose c - 54 = 3*z, -5*c = -3*z - 289 - 5. What is the remainder when c is divided by 16?
12
Suppose -3*c - 544 = -4*m, 4*c - 78 = -m + 39. Calculate the remainder when m is divided by 15.
13
What is the remainder when -2 - ((-64)/1)/2 is divided by 11?
8
Suppose -4*n + 52 = 4*m, m - 16 = -2*n + 4*m. Suppose 3*v + t - 3 - 4 = 0, 5*v - 4*t - 40 = 0. What is the remainder when n is divided by v?
3
Let p(w) = 10*w**2 - w + 1. Calculate the remainder when 39 is divided by p(1).
9
Let h = 11 + -4. What is the remainder when 12 is divided by (0 + -1)/((-1)/h)?
5
Let x be ((-3)/(-3) + -8)*-2. Suppose -2*u + x = -8. Let r(d) = 2*d**2 - 6*d + 1. Calculate the remainder when r(5) is divided by u.
10
Let m(v) = 2*v**2 + 2*v + 14. What is the remainder when 82 is divided by m(0)?
12
Suppose 0 = g + 4*j - 5, -g - 4*j = j - 3. Let c be (-2*1 - -4) + -1. What is the remainder when g is divided by (c + -6)/(3/(-3))?
3
Calculate the remainder when -2*((-235)/10 - -1) is divided by 16.
13
Suppose j = 4*j - 39. What is the remainder when 49 is divided by j?
10
Suppose 6*u = 2*u + 100. Let z be (-7)/1 + (-2 - -3). Let y(c) = -c**2 - 8*c - 3. What is the remainder when u is divided by y(z)?
7
Calculate the remainder when 20 is divided by 14*1/(-4)*-2.
6
Let u = -28 + 50. What is the remainder when 42 is divided by u?
20
Let g(x) = 9*x**3 - 3*x**2 + x + 1. What is the remainder when 30 is divided by g(1)?
6
Let k be 2*-1*(2 + -3). Let n(m) = 1 + m + 2*m**k - m**2 + 2. Calculate the remainder when 5 is divided by n(0).
2
Let t(v) = -4*v + 1. Suppose 3*y = -3*i, 3*i - y + 20 = -0*y. Calculate the remainder when t(i) is divided by 12.
9
Suppose 5*f - 447 = -r, 3*f - r + 180 = 5*f. What is the remainder when f is divided by 13?
11
Let t be (49 + 1)/((-3)/(-6)). Suppose 5*w + 0*w - t = 0. What is the remainder when 38 is divided by w?
18
Let s = -92 - -177. Suppose 15 = -5*p + s. Let v = 12 + 15. What is the remainder when v is divided by p?
13
Let v = -10 + 11. Suppose 2*c - 5 = -v. Calculate the remainder when 6 is divided by c.
0
Let u = 4 - 4. What is the remainder when (-2)/(-1 + u) + 8 is divided by -4*(-3)/18*6?
2
Suppose -20 = -5*c + 65. Let x = -19 + 14. What is the remainder when c is divided by (x/2)/((-3)/6)?
2
Let k = -61 - -100. Calculate the remainder when k is divided by 21.
18
Suppose -2*s + 6*s = 16. Let w = 25 - 12. What is the remainder when w is divided by s?
1
Suppose c - 2*y = 0, -4*c - c + y = -36. Calculate the remainder when c is divided by 5.
3
Suppose 0*w + 2*w = 14. Suppose w*s = 2*s + 105. What is the remainder when s is divided by 8?
5
Suppose 0*t - 4*t + j + 47 = 0, -t + 5*j - 12 = 0. Let g = t + 7. Calculate the remainder when g is divided by 11.
9
Suppose 4 = -2*c + 4*c. Suppose -5*g - 187 = -3*s, 2*g = -c*g - 8. Calculate the remainder when s is divided by 20.
19
Suppose 2*s + 4*a = -0*s + 20, a = -s + 7. Suppose -z - s*z = -130. Calculate the remainder when 49 is divided by z.
23
Let q = 20 + -7. Calculate the remainder when q is divided by 9.
4
What is the remainder when 45 is divided by -1 - (-2 + (-6)/(-2)) - -26?
21
Suppose 0 = -3*n - 88 + 130. Calculate the remainder when 51 is divided by n.
9
Let c = -11 - -22. Let t(f) = f**3 - 11*f**2 + 2*f - 12. What is the remainder when 18 is divided by t(c)?
8
Suppose 2*o - 5*o + 93 = -5*s, -3*s = -4*o + 124. Let w(z) = 18*z**2 + z. Calculate the remainder when o is divided by w(-1).
14
Let f(b) = b**2 + 17*b + 2. Let l = -3 + 2. Calculate the remainder when f(-17) is divided by 1/(0 + l) + 2.
0
Let r(n) = 9*n**3 + 2*n**2 - 4*n + 3. Let l(p) = 5*p**3 + p**2 - 2*p + 2. Let q(s) = -5*l(s) + 3*r(s). Calculate the remainder when 28 is divided by q(2).
13
Let w(f) = -f**3 - 10*f**2 + 13. Let h be w(-10). Let z = h + -10. Let r = -6 + 11. What is the remainder when r is divided by z?
2
Suppose -5*o = 2*l - 56, 0*o + 2*o = 5*l - 82. Let u = 6 + 20. What is the remainder when u is divided by (-2)/(-9) + 248/l?
12
Suppose -3*y = -13 + 22. Let q(m) = m**3 + 5*m**2 + 4*m - 1. Calculate the remainder when 7 is divided by q(y).
2
Suppose -5 = -2*o + 3. Suppose 5*j + 0*b - b = 88, 10 = j - o*b. What is the remainder when 53 is divided by j?
17
Let d(w) be the first derivative of -w**2/2 + 8*w + 3. Let u(v) = v**2 - v + 6. Let s be u(0). Calculate the remainder when d(s) is divided by 1.
0
Suppose -8*u - 35 = -9*u. Calculate the remainder when u is divided by 9.
8
Suppose -3*t = -3*p - 18, -5*t = 2*p - 0*p - 58. Suppose -15 = -2*s + 1. Calculate the remainder when 136/t + (-8)/(-20) is divided by s.
6
Let v = -22 + 36. Let c = 248 + -125. Suppose -3*y + c = 4*d, -2*y + 91 = 3*d - 0*y. What is the remainder when d is divided by v?
13
Suppose i + 5 = 3. Let t(u) = -2*u - 2. What is the remainder when t(i) is divided by 1?
0
Let r(b) = 2*b - 2*b**2 + 6*b**2 - 3*b**2. What is the remainder when 70 is divided by r(-6)?
22
Suppose -i + 16 = 5*m, -3*m = -2*m + 3. What is the remainder when i is divided by 16?
15
Suppose 142 = 2*k - 198. Suppose -4*f = -2*f - k. Suppose -4*w - w - 4*s + 60 = 0, 5*w = s + f. Calculate the remainder when 30 is divided by w.
14
Suppose -16 - 28 = -4*v. What is the remainder when 15 is divided by v?
4
Let k = 57 + -41. What is the remainder when k is divided by 9?
7
Let r be 3*(-2)/2 + 3. Let f be 13 - r - (-8)/4. Suppose -f = -4*y - u + 2*u, 3*u = -5*y + 23. What is the remainder when y is divided by 2?
0
Let r(v) = -14*v**3 - v**2 + v + 1. Let u be ((-18)/(-12))/(3/(-4)). Let i(a) = -4*a**3 - 3*a**2 - 2*a. Calculate the remainder when i(u) is divided by r(-1).
11
Suppose 3*v - 26 = -a - 6, -5*a = v - 16. Calculate the remainder when v is divided by 5.
1
Suppose -3*z - 2*z - d - 238 = 0, d = 2. Let f = z - 1. Let n = -23 - f. Calculate the remainder when n is divided by 9.
8
Let b(n) = n**3 + 8*n**2 + 3*n - 3. What is the remainder when b(-6) is divided by 27?
24
Let c(r) = -18*